{"id":36,"date":"2022-12-13T21:29:08","date_gmt":"2022-12-13T20:29:08","guid":{"rendered":"http:\/\/pppopoczno.pl\/?page_id=36"},"modified":"2023-10-03T09:02:41","modified_gmt":"2023-10-03T07:02:41","slug":"kontakt","status":"publish","type":"page","link":"https:\/\/pppopoczno.pl\/?page_id=36","title":{"rendered":"KONTAKT"},"content":{"rendered":"\r\n<p><img decoding=\"async\" class=\"alignleft wp-image-432\" src=\"https:\/\/pppopoczno.pl\/wp-content\/uploads\/2023\/10\/logo_ppp_01-300x194.png\" alt=\"\" width=\"200\" height=\"129\" srcset=\"https:\/\/pppopoczno.pl\/wp-content\/uploads\/2023\/10\/logo_ppp_01-300x194.png 300w, https:\/\/pppopoczno.pl\/wp-content\/uploads\/2023\/10\/logo_ppp_01-768x497.png 768w, https:\/\/pppopoczno.pl\/wp-content\/uploads\/2023\/10\/logo_ppp_01-230x150.png 230w, https:\/\/pppopoczno.pl\/wp-content\/uploads\/2023\/10\/logo_ppp_01.png 818w\" sizes=\"(max-width: 200px) 100vw, 200px\" \/><\/p>\r\n<p><strong>Poradnia Psychologiczno-Pedagogiczna w\u00a0Opocznie z\u00a0fili\u0105 w\u00a0Drzewicy<\/strong><\/p>\r\n\r\n\r\n\r\n<p><strong>OPOCZNO:<\/strong><\/p>\r\n\r\n\r\n\r\n<p>ul. Armii Krajowej 2<br \/>26-300 Opoczno<br \/>tel: <strong>44 741-64-62, <\/strong>tel kom.<strong> 885-720-603<br \/><\/strong><\/p>\r\n\r\n\r\n\r\n<p><strong>adres e-mail:<\/strong>\u00a0<a>sekretariat@pppopoczno.pl<\/a><\/p>\r\n<p><strong>Identyfikator na platformie ePUAP:<\/strong>\u00a0 \/PPP_OPOCZNO\/SkrzynkaESP<\/p>\r\n<p><strong>Poradnia (Opoczno) czynna w godzinach:<\/strong><br \/>od poniedzia\u0142ku do pi\u0105tku: 7:30-17:00<\/p>\r\n<p><strong>Sekretariat Poradni (Opoczno) czynny w godzinach:<\/strong><br \/>poniedzia\u0142ek, czwartek, pi\u0105tek: 7:30-15:30<br \/>wtorek, \u015broda: 7:30-17:00<\/p>\r\n<p><iframe style=\"border: 0;\" src=\"https:\/\/www.google.com\/maps\/embed?pb=!1m18!1m12!1m3!1d2490.3858314458544!2d20.265793887248925!3d51.37758649903145!2m3!1f0!2f0!3f0!3m2!1i1024!2i768!4f13.1!3m3!1m2!1s0x4719bc3ed1985b63%3A0x6c237b9a75374fea!2sArmii%20Krajowej%202%2C%2026-300%20Opoczno!5e0!3m2!1spl!2spl!4v1671136490933!5m2!1spl!2spl\" width=\"600\" height=\"450\" allowfullscreen=\"allowfullscreen\"><\/iframe><\/p>\r\n<p><strong><img decoding=\"async\" class=\"wp-image-432 alignleft\" src=\"https:\/\/pppopoczno.pl\/wp-content\/uploads\/2023\/10\/logo_ppp_01.png\" alt=\"\" width=\"200\" height=\"129\" srcset=\"https:\/\/pppopoczno.pl\/wp-content\/uploads\/2023\/10\/logo_ppp_01.png 818w, https:\/\/pppopoczno.pl\/wp-content\/uploads\/2023\/10\/logo_ppp_01-300x194.png 300w, https:\/\/pppopoczno.pl\/wp-content\/uploads\/2023\/10\/logo_ppp_01-768x497.png 768w, https:\/\/pppopoczno.pl\/wp-content\/uploads\/2023\/10\/logo_ppp_01-230x150.png 230w\" sizes=\"(max-width: 200px) 100vw, 200px\" \/>DRZEWICA:<\/strong><\/p>\r\n\r\n\r\n\r\n<p>ul. Staszica 5<br \/>26-340 Drzewica<br \/>tel: <strong>44 741-65-54<\/strong> tel. kom. <strong>726-336-330<\/strong><\/p>\r\n\r\n\r\n\r\n<p><strong>adres e-mail:<\/strong>\u00a0<a>sekretariat.filia@pppopoczno.pl<\/a><\/p>\r\n<p><strong>Identyfikator na platformie ePUAP:<\/strong>\u00a0 \/PPP_OPOCZNO\/SkrzynkaESP<\/p>\r\n\r\n<p><iframe style=\"border: 0;\" src=\"https:\/\/www.google.com\/maps\/embed?pb=!1m18!1m12!1m3!1d2486.4930154550693!2d20.461128087282027!3d51.4491039990888!2m3!1f0!2f0!3f0!3m2!1i1024!2i768!4f13.1!3m3!1m2!1s0x4719a50cb0c971df%3A0x4b80fc467354e87a!2sPoradnia%20Psychologiczno%20-%20Pedagogiczna%20w%20Opocznie.%20Filia!5e0!3m2!1spl!2spl!4v1671136130694!5m2!1spl!2spl\" width=\"600\" height=\"450\" allowfullscreen=\"allowfullscreen\"><\/iframe><\/p>","protected":false},"excerpt":{"rendered":"<p>Poradnia Psychologiczno-Pedagogiczna w\u00a0Opocznie z\u00a0fili\u0105 w\u00a0Drzewicy OPOCZNO: ul. Armii Krajowej 226-300 Opocznotel: 44 741-64-62, tel kom. 885-720-603 adres e-mail:\u00a0sekretariat@pppopoczno.pl Identyfikator na platformie ePUAP:\u00a0 \/PPP_OPOCZNO\/SkrzynkaESP Poradnia (Opoczno) czynna w godzinach:od poniedzia\u0142ku do pi\u0105tku: 7:30-17:00 Sekretariat Poradni (Opoczno) czynny w godzinach:poniedzia\u0142ek, czwartek, pi\u0105tek: 7:30-15:30wtorek, \u015broda: 7:30-17:00 DRZEWICA: ul. Staszica 526-340 Drzewicatel: 44 741-65-54 tel. kom. 726-336-330 adres e-mail:\u00a0sekretariat.filia@pppopoczno.pl [&hellip;]<\/p>\n","protected":false},"author":1,"featured_media":0,"parent":0,"menu_order":0,"comment_status":"closed","ping_status":"closed","template":"","meta":{"footnotes":""},"class_list":["post-36","page","type-page","status-publish","hentry"],"yoast_head":"<!-- This site is optimized with the Yoast SEO plugin v26.0 - https:\/\/yoast.com\/wordpress\/plugins\/seo\/ -->\n<title>KONTAKT - Poradnia Psychologiczno-Pedagogiczna w Opocznie z fili\u0105 w Drzewicy<\/title>\n<meta name=\"robots\" content=\"index, follow, max-snippet:-1, max-image-preview:large, max-video-preview:-1\" \/>\n<link rel=\"canonical\" href=\"https:\/\/pppopoczno.pl\/?page_id=36\" \/>\n<meta property=\"og:locale\" content=\"pl_PL\" \/>\n<meta property=\"og:type\" content=\"article\" \/>\n<meta property=\"og:title\" content=\"KONTAKT - Poradnia Psychologiczno-Pedagogiczna w Opocznie z fili\u0105 w Drzewicy\" \/>\n<meta property=\"og:description\" content=\"Poradnia Psychologiczno-Pedagogiczna w\u00a0Opocznie z\u00a0fili\u0105 w\u00a0Drzewicy OPOCZNO: ul. Armii Krajowej 226-300 Opocznotel: 44 741-64-62, tel kom. 885-720-603 adres e-mail:\u00a0sekretariat@pppopoczno.pl Identyfikator na platformie ePUAP:\u00a0 \/PPP_OPOCZNO\/SkrzynkaESP Poradnia (Opoczno) czynna w godzinach:od poniedzia\u0142ku do pi\u0105tku: 7:30-17:00 Sekretariat Poradni (Opoczno) czynny w godzinach:poniedzia\u0142ek, czwartek, pi\u0105tek: 7:30-15:30wtorek, \u015broda: 7:30-17:00 DRZEWICA: ul. Staszica 526-340 Drzewicatel: 44 741-65-54 tel. kom. 726-336-330 adres e-mail:\u00a0sekretariat.filia@pppopoczno.pl [&hellip;]\" \/>\n<meta property=\"og:url\" content=\"https:\/\/pppopoczno.pl\/?page_id=36\" \/>\n<meta property=\"og:site_name\" content=\"Poradnia Psychologiczno-Pedagogiczna w Opocznie z fili\u0105 w Drzewicy\" \/>\n<meta property=\"article:modified_time\" content=\"2023-10-03T07:02:41+00:00\" \/>\n<meta property=\"og:image\" content=\"http:\/\/pppopoczno.pl\/wp-content\/uploads\/2023\/10\/logo_ppp_01-300x194.png\" \/>\n<meta name=\"twitter:card\" content=\"summary_large_image\" \/>\n<meta name=\"twitter:label1\" content=\"Szacowany czas czytania\" \/>\n\t<meta name=\"twitter:data1\" content=\"1 minuta\" \/>\n<script type=\"application\/ld+json\" class=\"yoast-schema-graph\">{\"@context\":\"https:\/\/schema.org\",\"@graph\":[{\"@type\":\"WebPage\",\"@id\":\"https:\/\/pppopoczno.pl\/?page_id=36\",\"url\":\"https:\/\/pppopoczno.pl\/?page_id=36\",\"name\":\"KONTAKT - Poradnia Psychologiczno-Pedagogiczna w Opocznie z fili\u0105 w Drzewicy\",\"isPartOf\":{\"@id\":\"https:\/\/pppopoczno.pl\/#website\"},\"primaryImageOfPage\":{\"@id\":\"https:\/\/pppopoczno.pl\/?page_id=36#primaryimage\"},\"image\":{\"@id\":\"https:\/\/pppopoczno.pl\/?page_id=36#primaryimage\"},\"thumbnailUrl\":\"http:\/\/pppopoczno.pl\/wp-content\/uploads\/2023\/10\/logo_ppp_01-300x194.png\",\"datePublished\":\"2022-12-13T20:29:08+00:00\",\"dateModified\":\"2023-10-03T07:02:41+00:00\",\"inLanguage\":\"pl-PL\",\"potentialAction\":[{\"@type\":\"ReadAction\",\"target\":[\"https:\/\/pppopoczno.pl\/?page_id=36\"]}]},{\"@type\":\"ImageObject\",\"inLanguage\":\"pl-PL\",\"@id\":\"https:\/\/pppopoczno.pl\/?page_id=36#primaryimage\",\"url\":\"https:\/\/pppopoczno.pl\/wp-content\/uploads\/2023\/10\/logo_ppp_01.png\",\"contentUrl\":\"https:\/\/pppopoczno.pl\/wp-content\/uploads\/2023\/10\/logo_ppp_01.png\",\"width\":818,\"height\":529},{\"@type\":\"WebSite\",\"@id\":\"https:\/\/pppopoczno.pl\/#website\",\"url\":\"https:\/\/pppopoczno.pl\/\",\"name\":\"Poradnia Psychologiczno-Pedagogiczna w Opocznie z fili\u0105 w Drzewicy\",\"description\":\"&quot;Cz\u0142owiek jest tyle wart, ile mo\u017ce da\u0107 drugiemu cz\u0142owiekowi&quot; \u2013 Jan Pawe\u0142 II\",\"publisher\":{\"@id\":\"https:\/\/pppopoczno.pl\/#organization\"},\"potentialAction\":[{\"@type\":\"SearchAction\",\"target\":{\"@type\":\"EntryPoint\",\"urlTemplate\":\"https:\/\/pppopoczno.pl\/?s={search_term_string}\"},\"query-input\":{\"@type\":\"PropertyValueSpecification\",\"valueRequired\":true,\"valueName\":\"search_term_string\"}}],\"inLanguage\":\"pl-PL\"},{\"@type\":\"Organization\",\"@id\":\"https:\/\/pppopoczno.pl\/#organization\",\"name\":\"Poradnia Psychologiczno-Pedagogiczna w Opocznie z fili\u0105 w Drzewicy\",\"url\":\"https:\/\/pppopoczno.pl\/\",\"logo\":{\"@type\":\"ImageObject\",\"inLanguage\":\"pl-PL\",\"@id\":\"https:\/\/pppopoczno.pl\/#\/schema\/logo\/image\/\",\"url\":\"\",\"contentUrl\":\"\",\"caption\":\"Poradnia Psychologiczno-Pedagogiczna w Opocznie z fili\u0105 w Drzewicy\"},\"image\":{\"@id\":\"https:\/\/pppopoczno.pl\/#\/schema\/logo\/image\/\"}}]}<\/script>\n<!-- \/ Yoast SEO plugin. -->","yoast_head_json":{"title":"KONTAKT - Poradnia Psychologiczno-Pedagogiczna w Opocznie z fili\u0105 w Drzewicy","robots":{"index":"index","follow":"follow","max-snippet":"max-snippet:-1","max-image-preview":"max-image-preview:large","max-video-preview":"max-video-preview:-1"},"canonical":"https:\/\/pppopoczno.pl\/?page_id=36","og_locale":"pl_PL","og_type":"article","og_title":"KONTAKT - Poradnia Psychologiczno-Pedagogiczna w Opocznie z fili\u0105 w Drzewicy","og_description":"Poradnia Psychologiczno-Pedagogiczna w\u00a0Opocznie z\u00a0fili\u0105 w\u00a0Drzewicy OPOCZNO: ul. Armii Krajowej 226-300 Opocznotel: 44 741-64-62, tel kom. 885-720-603 adres e-mail:\u00a0sekretariat@pppopoczno.pl Identyfikator na platformie ePUAP:\u00a0 \/PPP_OPOCZNO\/SkrzynkaESP Poradnia (Opoczno) czynna w godzinach:od poniedzia\u0142ku do pi\u0105tku: 7:30-17:00 Sekretariat Poradni (Opoczno) czynny w godzinach:poniedzia\u0142ek, czwartek, pi\u0105tek: 7:30-15:30wtorek, \u015broda: 7:30-17:00 DRZEWICA: ul. Staszica 526-340 Drzewicatel: 44 741-65-54 tel. kom. 726-336-330 adres e-mail:\u00a0sekretariat.filia@pppopoczno.pl [&hellip;]","og_url":"https:\/\/pppopoczno.pl\/?page_id=36","og_site_name":"Poradnia Psychologiczno-Pedagogiczna w Opocznie z fili\u0105 w Drzewicy","article_modified_time":"2023-10-03T07:02:41+00:00","og_image":[{"url":"http:\/\/pppopoczno.pl\/wp-content\/uploads\/2023\/10\/logo_ppp_01-300x194.png","type":"","width":"","height":""}],"twitter_card":"summary_large_image","twitter_misc":{"Szacowany czas czytania":"1 minuta"},"schema":{"@context":"https:\/\/schema.org","@graph":[{"@type":"WebPage","@id":"https:\/\/pppopoczno.pl\/?page_id=36","url":"https:\/\/pppopoczno.pl\/?page_id=36","name":"KONTAKT - Poradnia Psychologiczno-Pedagogiczna w Opocznie z fili\u0105 w Drzewicy","isPartOf":{"@id":"https:\/\/pppopoczno.pl\/#website"},"primaryImageOfPage":{"@id":"https:\/\/pppopoczno.pl\/?page_id=36#primaryimage"},"image":{"@id":"https:\/\/pppopoczno.pl\/?page_id=36#primaryimage"},"thumbnailUrl":"http:\/\/pppopoczno.pl\/wp-content\/uploads\/2023\/10\/logo_ppp_01-300x194.png","datePublished":"2022-12-13T20:29:08+00:00","dateModified":"2023-10-03T07:02:41+00:00","inLanguage":"pl-PL","potentialAction":[{"@type":"ReadAction","target":["https:\/\/pppopoczno.pl\/?page_id=36"]}]},{"@type":"ImageObject","inLanguage":"pl-PL","@id":"https:\/\/pppopoczno.pl\/?page_id=36#primaryimage","url":"https:\/\/pppopoczno.pl\/wp-content\/uploads\/2023\/10\/logo_ppp_01.png","contentUrl":"https:\/\/pppopoczno.pl\/wp-content\/uploads\/2023\/10\/logo_ppp_01.png","width":818,"height":529},{"@type":"WebSite","@id":"https:\/\/pppopoczno.pl\/#website","url":"https:\/\/pppopoczno.pl\/","name":"Poradnia Psychologiczno-Pedagogiczna w Opocznie z fili\u0105 w Drzewicy","description":"&quot;Cz\u0142owiek jest tyle wart, ile mo\u017ce da\u0107 drugiemu cz\u0142owiekowi&quot; \u2013 Jan Pawe\u0142 II","publisher":{"@id":"https:\/\/pppopoczno.pl\/#organization"},"potentialAction":[{"@type":"SearchAction","target":{"@type":"EntryPoint","urlTemplate":"https:\/\/pppopoczno.pl\/?s={search_term_string}"},"query-input":{"@type":"PropertyValueSpecification","valueRequired":true,"valueName":"search_term_string"}}],"inLanguage":"pl-PL"},{"@type":"Organization","@id":"https:\/\/pppopoczno.pl\/#organization","name":"Poradnia Psychologiczno-Pedagogiczna w Opocznie z fili\u0105 w Drzewicy","url":"https:\/\/pppopoczno.pl\/","logo":{"@type":"ImageObject","inLanguage":"pl-PL","@id":"https:\/\/pppopoczno.pl\/#\/schema\/logo\/image\/","url":"","contentUrl":"","caption":"Poradnia Psychologiczno-Pedagogiczna w Opocznie z fili\u0105 w Drzewicy"},"image":{"@id":"https:\/\/pppopoczno.pl\/#\/schema\/logo\/image\/"}}]}},"_links":{"self":[{"href":"https:\/\/pppopoczno.pl\/index.php?rest_route=\/wp\/v2\/pages\/36","targetHints":{"allow":["GET"]}}],"collection":[{"href":"https:\/\/pppopoczno.pl\/index.php?rest_route=\/wp\/v2\/pages"}],"about":[{"href":"https:\/\/pppopoczno.pl\/index.php?rest_route=\/wp\/v2\/types\/page"}],"author":[{"embeddable":true,"href":"https:\/\/pppopoczno.pl\/index.php?rest_route=\/wp\/v2\/users\/1"}],"replies":[{"embeddable":true,"href":"https:\/\/pppopoczno.pl\/index.php?rest_route=%2Fwp%2Fv2%2Fcomments&post=36"}],"version-history":[{"count":15,"href":"https:\/\/pppopoczno.pl\/index.php?rest_route=\/wp\/v2\/pages\/36\/revisions"}],"predecessor-version":[{"id":440,"href":"https:\/\/pppopoczno.pl\/index.php?rest_route=\/wp\/v2\/pages\/36\/revisions\/440"}],"wp:attachment":[{"href":"https:\/\/pppopoczno.pl\/index.php?rest_route=%2Fwp%2Fv2%2Fmedia&parent=36"}],"curies":[{"name":"wp","href":"https:\/\/api.w.org\/{rel}","templated":true}]}}