{"id":135,"date":"2023-02-06T11:42:17","date_gmt":"2023-02-06T10:42:17","guid":{"rendered":"http:\/\/pppopoczno.pl\/?page_id=135"},"modified":"2023-02-06T11:57:12","modified_gmt":"2023-02-06T10:57:12","slug":"dzialania-specjalistyczne","status":"publish","type":"page","link":"https:\/\/pppopoczno.pl\/?page_id=135","title":{"rendered":"Dzia\u0142ania specjalistyczne"},"content":{"rendered":"","protected":false},"excerpt":{"rendered":"","protected":false},"author":1,"featured_media":0,"parent":26,"menu_order":1,"comment_status":"closed","ping_status":"closed","template":"","meta":{"footnotes":""},"class_list":["post-135","page","type-page","status-publish","hentry"],"yoast_head":"<!-- This site is optimized with the Yoast SEO plugin v26.0 - https:\/\/yoast.com\/wordpress\/plugins\/seo\/ -->\n<title>Dzia\u0142ania specjalistyczne - Poradnia Psychologiczno-Pedagogiczna w Opocznie z fili\u0105 w Drzewicy<\/title>\n<meta name=\"robots\" content=\"index, follow, max-snippet:-1, max-image-preview:large, max-video-preview:-1\" \/>\n<link rel=\"canonical\" href=\"https:\/\/pppopoczno.pl\/?page_id=135\" \/>\n<meta property=\"og:locale\" content=\"pl_PL\" \/>\n<meta property=\"og:type\" content=\"article\" \/>\n<meta property=\"og:title\" content=\"Dzia\u0142ania specjalistyczne - Poradnia Psychologiczno-Pedagogiczna w Opocznie z fili\u0105 w Drzewicy\" \/>\n<meta property=\"og:url\" content=\"https:\/\/pppopoczno.pl\/?page_id=135\" \/>\n<meta property=\"og:site_name\" content=\"Poradnia Psychologiczno-Pedagogiczna w Opocznie z fili\u0105 w Drzewicy\" \/>\n<meta property=\"article:modified_time\" content=\"2023-02-06T10:57:12+00:00\" \/>\n<meta name=\"twitter:card\" content=\"summary_large_image\" \/>\n<script type=\"application\/ld+json\" class=\"yoast-schema-graph\">{\"@context\":\"https:\/\/schema.org\",\"@graph\":[{\"@type\":\"WebPage\",\"@id\":\"https:\/\/pppopoczno.pl\/?page_id=135\",\"url\":\"https:\/\/pppopoczno.pl\/?page_id=135\",\"name\":\"Dzia\u0142ania specjalistyczne - Poradnia Psychologiczno-Pedagogiczna w Opocznie z fili\u0105 w Drzewicy\",\"isPartOf\":{\"@id\":\"https:\/\/pppopoczno.pl\/#website\"},\"datePublished\":\"2023-02-06T10:42:17+00:00\",\"dateModified\":\"2023-02-06T10:57:12+00:00\",\"breadcrumb\":{\"@id\":\"https:\/\/pppopoczno.pl\/?page_id=135#breadcrumb\"},\"inLanguage\":\"pl-PL\",\"potentialAction\":[{\"@type\":\"ReadAction\",\"target\":[\"https:\/\/pppopoczno.pl\/?page_id=135\"]}]},{\"@type\":\"BreadcrumbList\",\"@id\":\"https:\/\/pppopoczno.pl\/?page_id=135#breadcrumb\",\"itemListElement\":[{\"@type\":\"ListItem\",\"position\":1,\"name\":\"OFERTA PORADNI\",\"item\":\"https:\/\/pppopoczno.pl\/?page_id=26\"},{\"@type\":\"ListItem\",\"position\":2,\"name\":\"Dzia\u0142ania specjalistyczne\"}]},{\"@type\":\"WebSite\",\"@id\":\"https:\/\/pppopoczno.pl\/#website\",\"url\":\"https:\/\/pppopoczno.pl\/\",\"name\":\"Poradnia Psychologiczno-Pedagogiczna w Opocznie z fili\u0105 w Drzewicy\",\"description\":\"&quot;Cz\u0142owiek jest tyle wart, ile mo\u017ce da\u0107 drugiemu cz\u0142owiekowi&quot; \u2013 Jan Pawe\u0142 II\",\"publisher\":{\"@id\":\"https:\/\/pppopoczno.pl\/#organization\"},\"potentialAction\":[{\"@type\":\"SearchAction\",\"target\":{\"@type\":\"EntryPoint\",\"urlTemplate\":\"https:\/\/pppopoczno.pl\/?s={search_term_string}\"},\"query-input\":{\"@type\":\"PropertyValueSpecification\",\"valueRequired\":true,\"valueName\":\"search_term_string\"}}],\"inLanguage\":\"pl-PL\"},{\"@type\":\"Organization\",\"@id\":\"https:\/\/pppopoczno.pl\/#organization\",\"name\":\"Poradnia Psychologiczno-Pedagogiczna w Opocznie z fili\u0105 w Drzewicy\",\"url\":\"https:\/\/pppopoczno.pl\/\",\"logo\":{\"@type\":\"ImageObject\",\"inLanguage\":\"pl-PL\",\"@id\":\"https:\/\/pppopoczno.pl\/#\/schema\/logo\/image\/\",\"url\":\"\",\"contentUrl\":\"\",\"caption\":\"Poradnia Psychologiczno-Pedagogiczna w Opocznie z fili\u0105 w Drzewicy\"},\"image\":{\"@id\":\"https:\/\/pppopoczno.pl\/#\/schema\/logo\/image\/\"}}]}<\/script>\n<!-- \/ Yoast SEO plugin. -->","yoast_head_json":{"title":"Dzia\u0142ania specjalistyczne - Poradnia Psychologiczno-Pedagogiczna w Opocznie z fili\u0105 w Drzewicy","robots":{"index":"index","follow":"follow","max-snippet":"max-snippet:-1","max-image-preview":"max-image-preview:large","max-video-preview":"max-video-preview:-1"},"canonical":"https:\/\/pppopoczno.pl\/?page_id=135","og_locale":"pl_PL","og_type":"article","og_title":"Dzia\u0142ania specjalistyczne - Poradnia Psychologiczno-Pedagogiczna w Opocznie z fili\u0105 w Drzewicy","og_url":"https:\/\/pppopoczno.pl\/?page_id=135","og_site_name":"Poradnia Psychologiczno-Pedagogiczna w Opocznie z fili\u0105 w Drzewicy","article_modified_time":"2023-02-06T10:57:12+00:00","twitter_card":"summary_large_image","schema":{"@context":"https:\/\/schema.org","@graph":[{"@type":"WebPage","@id":"https:\/\/pppopoczno.pl\/?page_id=135","url":"https:\/\/pppopoczno.pl\/?page_id=135","name":"Dzia\u0142ania specjalistyczne - Poradnia Psychologiczno-Pedagogiczna w Opocznie z fili\u0105 w Drzewicy","isPartOf":{"@id":"https:\/\/pppopoczno.pl\/#website"},"datePublished":"2023-02-06T10:42:17+00:00","dateModified":"2023-02-06T10:57:12+00:00","breadcrumb":{"@id":"https:\/\/pppopoczno.pl\/?page_id=135#breadcrumb"},"inLanguage":"pl-PL","potentialAction":[{"@type":"ReadAction","target":["https:\/\/pppopoczno.pl\/?page_id=135"]}]},{"@type":"BreadcrumbList","@id":"https:\/\/pppopoczno.pl\/?page_id=135#breadcrumb","itemListElement":[{"@type":"ListItem","position":1,"name":"OFERTA PORADNI","item":"https:\/\/pppopoczno.pl\/?page_id=26"},{"@type":"ListItem","position":2,"name":"Dzia\u0142ania specjalistyczne"}]},{"@type":"WebSite","@id":"https:\/\/pppopoczno.pl\/#website","url":"https:\/\/pppopoczno.pl\/","name":"Poradnia Psychologiczno-Pedagogiczna w Opocznie z fili\u0105 w Drzewicy","description":"&quot;Cz\u0142owiek jest tyle wart, ile mo\u017ce da\u0107 drugiemu cz\u0142owiekowi&quot; \u2013 Jan Pawe\u0142 II","publisher":{"@id":"https:\/\/pppopoczno.pl\/#organization"},"potentialAction":[{"@type":"SearchAction","target":{"@type":"EntryPoint","urlTemplate":"https:\/\/pppopoczno.pl\/?s={search_term_string}"},"query-input":{"@type":"PropertyValueSpecification","valueRequired":true,"valueName":"search_term_string"}}],"inLanguage":"pl-PL"},{"@type":"Organization","@id":"https:\/\/pppopoczno.pl\/#organization","name":"Poradnia Psychologiczno-Pedagogiczna w Opocznie z fili\u0105 w Drzewicy","url":"https:\/\/pppopoczno.pl\/","logo":{"@type":"ImageObject","inLanguage":"pl-PL","@id":"https:\/\/pppopoczno.pl\/#\/schema\/logo\/image\/","url":"","contentUrl":"","caption":"Poradnia Psychologiczno-Pedagogiczna w Opocznie z fili\u0105 w Drzewicy"},"image":{"@id":"https:\/\/pppopoczno.pl\/#\/schema\/logo\/image\/"}}]}},"_links":{"self":[{"href":"https:\/\/pppopoczno.pl\/index.php?rest_route=\/wp\/v2\/pages\/135","targetHints":{"allow":["GET"]}}],"collection":[{"href":"https:\/\/pppopoczno.pl\/index.php?rest_route=\/wp\/v2\/pages"}],"about":[{"href":"https:\/\/pppopoczno.pl\/index.php?rest_route=\/wp\/v2\/types\/page"}],"author":[{"embeddable":true,"href":"https:\/\/pppopoczno.pl\/index.php?rest_route=\/wp\/v2\/users\/1"}],"replies":[{"embeddable":true,"href":"https:\/\/pppopoczno.pl\/index.php?rest_route=%2Fwp%2Fv2%2Fcomments&post=135"}],"version-history":[{"count":1,"href":"https:\/\/pppopoczno.pl\/index.php?rest_route=\/wp\/v2\/pages\/135\/revisions"}],"predecessor-version":[{"id":136,"href":"https:\/\/pppopoczno.pl\/index.php?rest_route=\/wp\/v2\/pages\/135\/revisions\/136"}],"up":[{"embeddable":true,"href":"https:\/\/pppopoczno.pl\/index.php?rest_route=\/wp\/v2\/pages\/26"}],"wp:attachment":[{"href":"https:\/\/pppopoczno.pl\/index.php?rest_route=%2Fwp%2Fv2%2Fmedia&parent=135"}],"curies":[{"name":"wp","href":"https:\/\/api.w.org\/{rel}","templated":true}]}}

Działania specjalistyczne

<!-- This site is optimized with the Yoast SEO plugin v26.0 - https://yoast.com/wordpress/plugins/seo/ -->
<title>Działania specjalistyczne - Poradnia Psychologiczno-Pedagogiczna w Opocznie z filią w Drzewicy</title>
<meta name="robots" content="index, follow, max-snippet:-1, max-image-preview:large, max-video-preview:-1" />
<link rel="canonical" href="https://pppopoczno.pl/?page_id=135" />
<meta property="og:locale" content="pl_PL" />
<meta property="og:type" content="article" />
<meta property="og:title" content="Działania specjalistyczne - Poradnia Psychologiczno-Pedagogiczna w Opocznie z filią w Drzewicy" />
<meta property="og:url" content="https://pppopoczno.pl/?page_id=135" />
<meta property="og:site_name" content="Poradnia Psychologiczno-Pedagogiczna w Opocznie z filią w Drzewicy" />
<meta property="article:modified_time" content="2023-02-06T10:57:12+00:00" />
<meta name="twitter:card" content="summary_large_image" />
<script type="application/ld+json" class="yoast-schema-graph">{"@context":"https://schema.org","@graph":[{"@type":"WebPage","@id":"https://pppopoczno.pl/?page_id=135","url":"https://pppopoczno.pl/?page_id=135","name":"Działania specjalistyczne - Poradnia Psychologiczno-Pedagogiczna w Opocznie z filią w Drzewicy","isPartOf":{"@id":"https://pppopoczno.pl/#website"},"datePublished":"2023-02-06T10:42:17+00:00","dateModified":"2023-02-06T10:57:12+00:00","breadcrumb":{"@id":"https://pppopoczno.pl/?page_id=135#breadcrumb"},"inLanguage":"pl-PL","potentialAction":[{"@type":"ReadAction","target":["https://pppopoczno.pl/?page_id=135"]}]},{"@type":"BreadcrumbList","@id":"https://pppopoczno.pl/?page_id=135#breadcrumb","itemListElement":[{"@type":"ListItem","position":1,"name":"OFERTA PORADNI","item":"https://pppopoczno.pl/?page_id=26"},{"@type":"ListItem","position":2,"name":"Działania specjalistyczne"}]},{"@type":"WebSite","@id":"https://pppopoczno.pl/#website","url":"https://pppopoczno.pl/","name":"Poradnia Psychologiczno-Pedagogiczna w Opocznie z filią w Drzewicy","description":"&quot;Człowiek jest tyle wart, ile może dać drugiemu człowiekowi&quot; – Jan Paweł II","publisher":{"@id":"https://pppopoczno.pl/#organization"},"potentialAction":[{"@type":"SearchAction","target":{"@type":"EntryPoint","urlTemplate":"https://pppopoczno.pl/?s={search_term_string}"},"query-input":{"@type":"PropertyValueSpecification","valueRequired":true,"valueName":"search_term_string"}}],"inLanguage":"pl-PL"},{"@type":"Organization","@id":"https://pppopoczno.pl/#organization","name":"Poradnia Psychologiczno-Pedagogiczna w Opocznie z filią w Drzewicy","url":"https://pppopoczno.pl/","logo":{"@type":"ImageObject","inLanguage":"pl-PL","@id":"https://pppopoczno.pl/#/schema/logo/image/","url":"","contentUrl":"","caption":"Poradnia Psychologiczno-Pedagogiczna w Opocznie z filią w Drzewicy"},"image":{"@id":"https://pppopoczno.pl/#/schema/logo/image/"}}]}</script>
<!-- / Yoast SEO plugin. -->

Działania specjalistyczne - Poradnia Psychologiczno-Pedagogiczna w Opocznie z filią w Drzewicy

Poradnia Psychologiczno-Pedagogiczna w Opocznie z filią w Drzewicy

&quot;Człowiek jest tyle wart, ile może dać drugiemu człowiekowi&quot; – Jan Paweł II
